{"id":37,"date":"2014-03-18T11:48:55","date_gmt":"2014-03-18T11:48:55","guid":{"rendered":"http:\/\/demo.themegrill.com\/spacious\/?page_id=37"},"modified":"2023-04-18T15:41:35","modified_gmt":"2023-04-18T12:41:35","slug":"blog","status":"publish","type":"page","link":"https:\/\/itilgarden.com\/?page_id=37","title":{"rendered":"HAKKIMIZDA"},"content":{"rendered":"\n<p>U\u015eAK&#8217;ta bulunan k\u0131r d\u00fc\u011f\u00fcn mekanlar\u0131n\u0131n liste ba\u015f\u0131 olan \u0130T\u0130L GARDEN; t\u00fcm davetlilerin isteklerine cevap verebilecek esnek yap\u0131m\u0131z ile organizasyonlar\u0131n ba\u015far\u0131yla ger\u00e7ekle\u015fmesini garantiliyoruz. <\/p>\n\n\n\n<p>Ye\u015filin her tonunu i\u00e7erisinde bar\u0131nd\u0131ran k\u0131r bah\u00e7emizde misafirlerimize unutamayacaklar\u0131 bir an vaat ediyoruz. <\/p>\n\n\n\n<p> U\u015eAK&#8217;\u0131n e\u015fsiz g\u00fczelli\u011fi e\u015fli\u011finde K\u0131r D\u00fc\u011f\u00fcn alan\u0131m\u0131zda \u0130T\u0130L GARDEN Ailesi olarak sizleri a\u011f\u0131rlamaktan gurur duyar\u0131z. <\/p>\n\n\n\n<p>Ortak bir ya\u015fam\u0131n ba\u015flang\u0131c\u0131n\u0131, s\u00fcrprizlerle dolu ne\u015feli bir olay\u0131, e\u011flenceleri ve sevgiyi g\u00f6steren bir an i\u00e7in bu \u00f6zel g\u00fcn\u00fc daha unutulmaz bir etkinlik haline getirmek istiyorsan\u0131z, sizler i\u00e7in \u00f6zenle haz\u0131rlad\u0131\u011f\u0131m\u0131z mekan\u0131m\u0131za bekleriz. <\/p>\n\n\n\n<p>&#8220;\u0130T\u0130L GARDEN&#8221;<\/p>\n","protected":false},"excerpt":{"rendered":"<p>U\u015eAK&#8217;ta bulunan k\u0131r d\u00fc\u011f\u00fcn mekanlar\u0131n\u0131n liste ba\u015f\u0131 olan \u0130T\u0130L GARDEN; t\u00fcm davetlilerin isteklerine cevap verebilecek esnek yap\u0131m\u0131z ile organizasyonlar\u0131n ba\u015far\u0131yla ger\u00e7ekle\u015fmesini garantiliyoruz. Ye\u015filin her tonunu i\u00e7erisinde bar\u0131nd\u0131ran k\u0131r bah\u00e7emizde misafirlerimize unutamayacaklar\u0131 bir an vaat ediyoruz. U\u015eAK&#8217;\u0131n e\u015fsiz g\u00fczelli\u011fi e\u015fli\u011finde K\u0131r<\/p>\n","protected":false},"author":1,"featured_media":0,"parent":0,"menu_order":0,"comment_status":"closed","ping_status":"open","template":"","meta":{"_mi_skip_tracking":false},"aioseo_notices":[],"_links":{"self":[{"href":"https:\/\/itilgarden.com\/index.php?rest_route=\/wp\/v2\/pages\/37"}],"collection":[{"href":"https:\/\/itilgarden.com\/index.php?rest_route=\/wp\/v2\/pages"}],"about":[{"href":"https:\/\/itilgarden.com\/index.php?rest_route=\/wp\/v2\/types\/page"}],"author":[{"embeddable":true,"href":"https:\/\/itilgarden.com\/index.php?rest_route=\/wp\/v2\/users\/1"}],"replies":[{"embeddable":true,"href":"https:\/\/itilgarden.com\/index.php?rest_route=%2Fwp%2Fv2%2Fcomments&post=37"}],"version-history":[{"count":3,"href":"https:\/\/itilgarden.com\/index.php?rest_route=\/wp\/v2\/pages\/37\/revisions"}],"predecessor-version":[{"id":719,"href":"https:\/\/itilgarden.com\/index.php?rest_route=\/wp\/v2\/pages\/37\/revisions\/719"}],"wp:attachment":[{"href":"https:\/\/itilgarden.com\/index.php?rest_route=%2Fwp%2Fv2%2Fmedia&parent=37"}],"curies":[{"name":"wp","href":"https:\/\/api.w.org\/{rel}","templated":true}]}}